8278035 a multiple of 543?
True
Is 116348 a multiple of 59?
True
Is 37 a factor of 281232?
False
Is 5032 a multiple of 4?
True
Is 2786209 a multiple of 649?
False
Is 241525 a multiple of 42?
False
Does 53 divide 223938?
False
Is 664 a factor of 3629437?
False
Does 65 divide 759265?
True
Does 546 divide 2327696?
False
Does 86 divide 487157?
False
Is 2986201 a multiple of 11?
False
Is 142340 a multiple of 10?
True
Does 93 divide 1903205?
False
Does 2 divide 1432291?
False
Does 12 divide 1018752?
True
Is 32211 a multiple of 38?
False
Is 11 a factor of 113817?
True
Does 1007 divide 4570773?
True
Is 989477 a multiple of 12?
False
Is 9319 a multiple of 11?
False
Does 10 divide 743757?
False
Does 106 divide 76744?
True
Is 39 a factor of 11669307?
True
Is 108 a factor of 53892?
True
Is 6565068 a multiple of 36?
True
Is 741159 a multiple of 26?
False
Is 1038420 a multiple of 60?
True
Is 329 a factor of 6358912?
True
Is 596939 a multiple of 53?
True
Does 335 divide 292548?
False
Does 48 divide 114072?
False
Is 17 a factor of 51661?
False
Does 70 divide 323400?
True
Is 2724375 a multiple of 125?
True
Does 6 divide 15870?
True
Does 18 divide 666881?
False
Is 156 a factor of 3990467?
False
Is 26124 a multiple of 20?
False
Does 31 divide 85249?
False
Is 42 a factor of 413083?
False
Does 22 divide 277178?
True
Is 598 a factor of 6240491?
False
Is 77 a factor of 3293598?
True
Is 604 a factor of 3620980?
True
Is 17578 a multiple of 3?
False
Is 11 a factor of 8025138?
True
Is 29024 a multiple of 4?
True
Is 144 a factor of 10792?
False
Is 24 a factor of 354707?
False
Does 16 divide 301120?
True
Is 52542 a multiple of 7?
True
Does 84 divide 786545?
False
Is 140041 a multiple of 131?
False
Does 740 divide 1231960?
False
Does 145 divide 384480?
False
Does 12 divide 142121?
False
Is 1521965 a multiple of 80?
False
Is 22 a factor of 332728?
True
Is 114 a factor of 3612361?
False
Does 120 divide 201840?
True
Is 4 a factor of 50230?
False
Is 1138424 a multiple of 812?
True
Does 5 divide 1402?
False
Is 79704 a multiple of 216?
True
Is 109 a factor of 111507?
True
Does 6 divide 900600?
True
Is 6 a factor of 59940?
True
Is 572472 a multiple of 242?
False
Does 3 divide 82293?
True
Is 32175 a multiple of 33?
True
Does 512 divide 248320?
True
Does 58 divide 538008?
True
Is 124726 a multiple of 7?
True
Is 18 a factor of 77850?
True
Is 42108 a multiple of 29?
True
Is 554 a factor of 758426?
True
Is 98 a factor of 1560454?
True
Is 3 a factor of 290730?
True
Is 247296 a multiple of 23?
True
Is 28345 a multiple of 118?
False
Is 177 a factor of 189946?
False
Does 95 divide 134235?
True
Is 76310 a multiple of 26?
True
Does 233 divide 3757258?
False
Does 19 divide 105108?
True
Is 316063 a multiple of 13?
False
Does 31 divide 375190?
False
Does 100 divide 17251?
False
Is 19 a factor of 120650?
True
Is 467840 a multiple of 5?
True
Does 13 divide 253888?
False
Is 616 a factor of 239031?
False
Is 544 a factor of 8857408?
True
Does 134 divide 3803858?
True
Is 569976 a multiple of 66?
True
Does 6 divide 34584?
True
Is 118 a factor of 1056218?
True
Does 21 divide 1087048?
False
Is 12 a factor of 13417623?
False
Is 52008 a multiple of 24?
True
Is 208969 a multiple of 9?
False
Is 127376 a multiple of 152?
True
Is 14 a factor of 106005?
False
Is 265307 a multiple of 42?
False
Is 3366607 a multiple of 71?
True
Does 10 divide 8289147?
False
Is 6546 a multiple of 21?
False
Is 231050 a multiple of 5?
True
Does 5 divide 974373?
False
Is 11 a factor of 30877?
True
Is 468872 a multiple of 172?
True
Is 4 a factor of 693476?
True
Does 581 divide 2329229?
True
Is 72322 a multiple of 398?
False
Is 263471 a multiple of 124?
False
Does 630 divide 2111782?
False
Is 1469468 a multiple of 77?
True
Is 134 a factor of 34304?
True
Is 708160 a multiple of 64?
True
Does 205 divide 10352500?
True
Is 10 a factor of 4441367?
False
Is 2977340 a multiple of 9?
False
Does 164 divide 2539862?
False
Does 87 divide 13659?
True
Is 8 a factor of 5395744?
True
Is 8298460 a multiple of 58?
False
Is 5 a factor of 4729425?
True
Is 6 a factor of 76468?
False
Is 263 a factor of 885454?
False
Does 22 divide 1077283?
False
Does 73 divide 114607?
False
Is 53 a factor of 11251188?
False
Does 869 divide 3331582?
False
Does 17 divide 6773939?
True
Does 310 divide 1404920?
True
Is 12447888 a multiple of 48?
True
Is 129472 a multiple of 476?
True
Is 14280885 a multiple of 45?
True
Does 7 divide 1455206?
False
Is 1082048 a multiple of 232?
True
Is 15 a factor of 755340?
True
Does 122 divide 685884?
True
Is 185086 a multiple of 179?
True
Is 20854 a multiple of 185?
False
Does 1782 divide 7193934?
True
Is 733077 a multiple of 9?
True
Is 24455886 a multiple of 141?
True
Does 173 divide 109978?
False
Is 1165938 a multiple of 26?
False
Is 13059711 a multiple of 63?
True
Does 81 divide 206307?
True
Is 20789 a multiple of 10?
False
Does 57 divide 3819?
True
Is 15768335 a multiple of 445?
False
Is 5112780 a multiple of 12?
True
Is 8767591 a multiple of 16?
False
Does 13 divide 30221594?
True
Is 24 a factor of 56016?
True
Is 74 a factor of 9324891?
False
Does 84 divide 391489?
False
Does 502 divide 1131006?
True
Is 34290 a multiple of 2?
True
Does 10 divide 1679924?
False
Is 4535202 a multiple of 5?
False
Is 2150914 a multiple of 23?
True
Is 249 a factor of 2711997?
False
Is 115704 a multiple of 18?
True
Is 161 a factor of 47656?
True
Does 10 divide 147750?
True
Does 12 divide 1529328?
True
Does 34 divide 15367292?
False
Is 65880 a multiple of 36?
True
Is 15180 a multiple of 460?
True
Is 692275 a multiple of 3?
False
Is 471 a factor of 74942?
False
Does 54 divide 90782?
False
Is 166 a factor of 1336932?
False
Is 65615 a multiple of 3?
False
Is 14 a factor of 19684?
True
Does 36 divide 249174?
False
Is 1375093 a multiple of 14?
False
Is 1867614 a multiple of 14?
True
Is 13 a factor of 8099?
True
Does 7 divide 14121744?
True
Does 23 divide 833333?
False
Is 7 a factor of 902664?
True
Does 15 divide 25221?
False
Is 139360 a multiple of 134?
True
Is 8 a factor of 8899344?
True
Is 8 a factor of 474580?
False
Is 72 a factor of 8288352?
True
Does 16 divide 189584?
True
Does 35 divide 32581?
False
Is 26669 a multiple of 30?
False
Is 506910 a multiple of 366?
True
Does 7 divide 1749817?
False
Does 7 divide 173765?
False
Is 9 a factor of 165852?
True
Is 10 a factor of 169594?
False
Is 3 a factor of 298578?
True
Does 619 divide 261837?
True
Is 7 a factor of 225596?
True
Does 297 divide 625185?
True
Does 45 divide 44100?
True
Is 24 a factor of 344808?
True
Is 163436 a multiple of 13?
True
Is 16 a factor of 782960?
True
Is 29 a factor of 3699?
False
Does 59 divide 16424125?
True
Is 22 a factor of 90165?
False
Does 23 divide 84433?
True
Is 3 a factor of 105786?
True
Is 3919543 a multiple of 17?
False
Does 8 divide 2494486?
False
Does 11 divide 172480?
True
Does 80 divide 69760?
True
Does 106 divide 152939?
False
Does 40 divide 11528360?
True
Is 20 a factor of 395220?
True
Is 3029305 a multiple of 175?
False
Does 13 divide 20744790?
False
Is 3 a factor of 38867?
False
Is 507 a factor of 112047?
True
Is 246 a factor of 16138338?
True
Is 1501190 a multiple of 11?
False
Does 20 divide 1429500?
True
Does 41 divide 433971?
False
Is 35 a factor of 1286867?
False
Does 34 divide 5388074?
False
Is 20 a factor of 963900?
True
Does 753 divide 5524145?
False
Does 97 divide 954965?
True
Is 35024 a multiple of 44?
True
Is 124514 a multiple of 26?
True
Is 46818 a multiple of 9?
True
Is 2 a factor of 42345?
False
Does 44 divide 158356?
True
Does 170 divide 74630?
True
Does 162 divide 6431865?
False
Is 35 a factor of 907289?
False
Does 170 divide 625770?
True
Is 37 a factor of 410432?
False
Is 75 a factor of 609150?
True
Does 1396 divide 4693457?
False
Is 129 a factor of 10631019?
True
Is 491963 a multiple of 43?
True
Is 475684 a multiple of 44?
True
Does 68 divide 1734884?
True
Is 3265208 a multiple of 15?
False
Is 13109 a multiple of 195?
False
Is 138 a factor of 112884?
True
Is 15 a factor of 280518?
False
Is 252 a factor of 3376548?
True
Does 17 divide 25602?
True
Is 53 a factor of 50880?
True
Is 214475 a multiple of 25?
True
Is 830256 a multiple of 336?
True
Is 13635 a multiple of 45?
True
Does 65 divide 119930?
False
Does 81 divide 67392?
True
Does 796 divide 8718132?
